z**2 + 547*z + 2. Give x(-4).
-4
Suppose c - 15 = 2*s, 4*s - 6*c + 45 = -c. Let p be 0 + 2 + -1 + s. Let m(b) = -b**3 - 3*b**2 + 4 + 4*b + 2 - 3. What is m(p)?
3
Let t(p) = p**3 - 6*p**2 + 4*p + 10. Let o be t(5). Let f(d) = -6*d**2 - 7*d - 7. Let m(w) = -7*w**2 - 7*w - 7. Let g(j) = o*m(j) - 6*f(j). Calculate g(-7).
7
Let n(w) = w**2 + 3*w. Let y be n(-4). Suppose y = -2*b + 8. Let k(a) = 3 - 2*a + 24*a + 2*a**2 - 2*a**3 - 10*a - 14*a. Determine k(b).
-9
Let d be 3/(-2)*(-6 - 112/(-42)). Let n(u) = -u**3 + 6*u**2 - 6*u + 9. Give n(d).
4
Let r = -113 - -108. Let p(m) = -m**3 - 6*m**2 - 6*m + 5. Give p(r).
10
Suppose 128*y - 129*y = -4. Let a(w) = 2*w**2 - 14*w + 5. Let g(m) = 3*m**2 - 21*m + 7. Let x(v) = 8*a(v) - 5*g(v). What is x(y)?
-7
Suppose -3*q - 2*p = 13 + 9, -4*q - 26 = 2*p. Suppose -8*j + 4*j + 8 = 0. Let h(l) = 2 - 4*l + 206*l**j - 207*l**2 + 0*l + 2*l. Give h(q).
-6
Let i(b) be the first derivative of b**2/2 - 8*b + 10. Let j be i(3). Let x(c) = c + 6. Calculate x(j).
1
Let o = -218 + 212. Let d(j) = 1 + 0 + 12*j - 11*j - 2. Determine d(o).
-7
Suppose 19 = -5*g - 2*m - 72, 3*m + 26 = -g. Let o = g - -14. Let j(c) = -3*c**3 + 2*c**3 - 3*c - 3*c**2 + 2*c. Calculate j(o).
3
Let h(k) = 13*k + 6. Let j(l) = l**3 - 14*l**2 - 30*l - 34. Let s be j(16). What is h(s)?
-20
Let z be ((-2)/3)/(2/(-3)). Let j(v) = v**3 + 2*v**2 + 2*v - 1. Let k be (-7 - -2) + (5 - 1). Let p(w) = w**3 + w**2. Let f(d) = k*j(d) + 2*p(d). Give f(z).
0
Let q(p) = -15*p - 6. Let a(v) = -10*v - 4. Let c(x) = 7*a(x) - 5*q(x). Let k(b) = -6*b - 1. Let m(i) = 4*c(i) + 3*k(i). Give m(4).
13
Let w = 22 + -38. Let h be (4/w)/(2/(-8)). Let n(s) = s**2 - 6*s**3 + 0 - 2*s**3 + h - s. Calculate n(1).
-7
Let f be (6/(-15))/((-2)/10). Let g be f/((-2)/(-2)) - -16. Suppose 0 = m + 2*z, -2*m - z = 3*m - g. Let n(c) = c**3 - 5*c**2 + c + 2. Give n(m).
-10
Suppose 4*b - 61 = 59. Let l be ((-12)/15)/((-2)/b). Suppose 2*j + l = -j. Let z(k) = k**2 + 3*k + 2. Calculate z(j).
6
Let j(c) = -c - 50. Let k be 4/(-5) + 60/75. Calculate j(k).
-50
Let o(z) = 3*z**3 + 4*z**2 + 16*z + 8. Let a(y) = 4*y**3 + 3*y**2 + 18*y + 7. Let m(c) = -4*a(c) + 5*o(c). What is m(9)?
3
Let m(d) = 16 + d**2 - 4*d + 2*d + 13*d + 6. Give m(-7).
-6
Let f(g) = -5*g**2 - 14*g - 14. Let x be f(-1). Let p be -1 - -4*(0 - -1). Let k(r) = 8*r**3 - 5*r - 2*r**p - 6 - 5*r**3 + 4*r**2. Determine k(x).
-6
Let j(r) = -5*r**3 + 3*r**2 + 3*r - 2. Let i(q) = -4*q**3 + 2*q**2 + 2*q - 2. Let d(y) = -7*i(y) + 6*j(y). Determine d(-2).
26
Let f = 167 + -177. Let u(j) = -2*j**2 - 20*j - 11. Calculate u(f).
-11
Let m(d) = -d - 4*d + 2*d - 6 + 4*d. Let o = 197 + -197. Calculate m(o).
-6
Let f(a) be the first derivative of -a - 2/3*a**3 - 1/4*a**4 - 16 + a**2. Suppose 4*c + 4*m = 8, -2*c + 12 = -5*m + 43. What is f(c)?
2
Suppose 0 = 2*c - 93 + 85. Let d(s) be the third derivative of -1/120*s**6 + 1/30*s**5 - 5/6*s**3 + 0 + 1/4*s**c + 0*s - 5*s**2. Determine d(4).
-13
Let s(b) = -5*b + 6. Suppose 3*o - 19 = 5*x + 6*o, -3*x = -4*o + 23. Give s(x).
31
Let i = -34 - -32. Let v(g) = -22*g. Let x be v(i). Let s be (-2)/(-11) - (-36)/x. Let t(b) = -5*b**3 - b**2 + 2*b - 1. What is t(s)?
-5
Let v(h) be the first derivative of -8 + 1/3*h**3 - 3*h - h**2 + 1/4*h**4. Suppose 5*c + 9 + 1 = 0. Calculate v(c).
-3
Let s(j) = 2*j - 2. Let f = 441 - 443. What is s(f)?
-6
Let p(y) = y**3 - 5*y**2 + 3*y - 3. Let n = -36 + 37. Let v be (5 - 5)*n/3. Suppose -5*u - 9 = -v*o + 3*o, 2*o + 11 = -5*u. What is p(o)?
-9
Let l(x) = -2*x - 10*x**2 - x**3 - 3*x - x - 26 + 4*x. Let p be l(-10). Let i(v) = v**2 + 8*v + 6. Calculate i(p).
-6
Let m(x) = 27*x**3 - 7*x**2 - x + 24. Let k(i) = 17*i**3 - 4*i**2 - i + 16. Let z(q) = 8*k(q) - 5*m(q). Determine z(-4).
4
Let o(s) = -45 - 8*s**2 + s**3 + 0*s**2 + 43 + 7*s. Let g(w) = -w**3 + 7*w**2 - 4*w - 5. Let v be g(6). What is o(v)?
-2
Let b(w) = 3*w - 2. Let k = 78 + -77. Give b(k).
1
Suppose -105*u + 133*u + 280 = 0. Let l(h) = 2*h**2 + 12*h - 1. Calculate l(u).
79
Let j(t) = t**3 + t + 2. Suppose 0 = -685*l + 679*l. Give j(l).
2
Let n(a) = 2*a**2 + 36 - 75 + 36 + 2*a. Calculate n(2).
9
Let p(w) = -2*w - 2*w - 429 + 415 + 5*w. Give p(8).
-6
Let t(g) = 16*g**3 - 21*g**2 - 4*g + 41. Let r(n) = 3*n**3 - 4*n**2 - n + 8. Let a(i) = -11*r(i) + 2*t(i). Give a(3).
-6
Let z(c) = -c + 7. Let l(u) = -u**3 - 22*u**2 + 47*u - 20. Suppose -3*y = -0*y + 72. Let m be l(y). Calculate z(m).
3
Let p(m) = 3*m + 3. Let g(t) = -t - 4. Let h be g(-8). Suppose 3*s + 44 = h*i, i = 5*i + 4*s - 16. Suppose -5*r - 2 - i = 0, -11 = d + 4*r. What is p(d)?
-6
Let l(g) be the third derivative of -g**4/4 - g**3/6 - 2*g**2 - 88*g. Give l(1).
-7
Suppose 0 = 5*q - q - 48. Suppose -q = 2*z - 8*z. Let h(r) = r - 2. Give h(z).
0
Let c(w) = -2*w**2 + 10*w + 3. Let l be (-14)/(-77) - 106/(-22). Let s be c(l). Let g(k) = k**3 - 4*k**2 + 3. Give g(s).
-6
Let v(c) = c**2 + 9*c + 3. Let y be v(-7). Let q = 15 + y. Let u(a) be the first derivative of a**3/3 - 3*a**2 + 2*a + 2. Give u(q).
-6
Let d(q) = 2*q**2 - 19*q - 8. Let j be d(10). Let y(i) = -3*i - 1 + 1 + 4*i - 1. What is y(j)?
1
Let m(p) = p**2 - 4*p - 1. Let d be ((-16)/(-24))/((-2)/(-60)). Let x(c) = 4*c - 5. Let i be x(2). Suppose 4*t - 2*t - 10 = v, i*t - d = 4*v. Determine m(t).
-1
Let g(q) = q**3 - 2*q**2 + q + 5. Let m = 19 + -21. Let s(i) = -5*i**3 + 7*i**2 - 4*i - 21. Let l(z) = m*s(z) - 9*g(z). Calculate l(-3).
9
Let j(h) be the third derivative of -3*h**4/8 - h**3/2 + 13*h**2. Give j(4).
-39
Let m(q) = q + 6. Let i = -339 - -334. Give m(i).
1
Let p(u) be the first derivative of -47 + 2*u + 4*u**2 + 1/3*u**3. Calculate p(-6).
-10
Let j = 310 + -307. Let s(w) = -w**3 + 5*w**2 - 2*w - 1. Give s(j).
11
Suppose -4*y + 3*o = 34, 13*y - 11*y + 16 = o. Let k(n) = 4*n + 7. Give k(y).
-21
Let w(t) = -2*t + 3. Let k = 16 - 9. Let y = k - 7. Let x be 48/8 - (y + 1). What is w(x)?
-7
Let u(s) = -s**3 + s - 8. Let l(n) = 4 + 19*n - n**2 + 1 - 18*n - 4. Let p(g) = -3*l(g) - u(g). Determine p(-4).
5
Let g(r) = 5*r**2 + 4*r + 6. Let m(f) = f**2. Let s(y) = -g(y) + 6*m(y). Let b(j) = 4*j**2 - 103*j - 21. Let d be b(26). What is s(d)?
-1
Let f(o) = -o + 6. Let z be f(8). Let n(l) = 17*l**2 + 8*l + 4. Suppose 21 + 24 = 5*u. Let m(a) = -8*a**2 - 4*a - 2. Let v(q) = u*m(q) + 4*n(q). Give v(z).
-10
Let l(i) = -i**2 - 6*i + 5. Suppose -2*n - 12 = -0*n - 3*r, r = 0. Let m be l(n). Let b(v) = 4 - m - 7*v**2 + 3 + 2 + v**3 + 4*v. Determine b(6).
-8
Let a be 1 + -4 - (-3)/1. Suppose 2*n - x - 2 = a, 0 = 4*n + 3*x - 4 - 10. Let v(h) = -h**2 + 8 - h + 0*h - n + 0*h. Give v(0).
6
Let l(u) = -32*u**2 + 42*u**2 - 11*u**2 + 2. Determine l(0).
2
Let h(b) = -7*b**2 - b. Suppose 21*t = 20*t + 6. Let c(l) = 20*l**2 + 2*l - 1. Let p(y) = t*c(y) + 17*h(y). Give p(6).
0
Suppose -3*g - 2*h = -4*g + 7, -4*g + 10 = h. Let j(p) = 2 + 4*p - g + 2*p**2 + 0. Calculate j(-3).
5
Suppose -9 = -74*a + 71*a. Suppose -a*i + 21 = -10*i. Let t(h) = -3*h + 4. Let f(w) = 2*w - 3. Let u(j) = 4*f(j) + 3*t(j). What is u(i)?
3
Let x be (-8 - (-1 + -8)) + (5 - 0). Let t(i) = i**3 - 5*i**2 - 7*i + 4. Determine t(x).
-2
Let h(u) be the second derivative of u**5/20 + 7*u**4/12 + u**3 - u**2 - 441*u. What is h(-6)?
-2
Let q(o) = -o**2 - 9*o + 14. Suppose 25 - 1 = -4*h. Let f(i) = 4*i + 14. Let j be f(h). What is q(j)?
4
Let h(c) = -c**2 + 4*c - 4. Let f be h(3). Let i be -327*((-12)/(-2))/(-6). Let w(p) = 7*p**2 - 8*p**2 + p - 313*p**3 + i*p**3 + 1. Calculate w(f).
-15
Let s be (-2)/10*2*5. Let z(d) = 22*d - 12. Let i(v) = -8*v + 9 - 24*v + 17*v. Let u(k) = -7*i(k) - 5*z(k). Calculate u(s).
7
Let c(x) = 10*x**3 + x**2 - x + 1. Let p = -185 + 109. Let n = 77 + p. Give c(n).
11
Let f = 14 + 16. Let u = -28 + f. Let v(d) = u*d + 6*d - 3*d - 3*d. Calculate v(1).
2
Let c = -266 - -275. Let m(w) = w**3 - 9*w**2 + 6*w - 1. What is m(c)?
53
Let b(p) = p**3 + 2*p**2 - p - 2. Let z be b(-2). Let m(h) = -h**3 - h - 2. Determine m(z).
-2
Let v(r) = -2*r - 10*r**2 - 1 + 2*r. Let g = -6122 - -6123. Calculate v(g).
-11
Suppose q = g + g - 1, -2 = -4*q + 2*g. Let t(c) = 7*c**3 - q - 2*c**2 - 6*c**3 + 4*c - 2*c. Suppose 0 = -2*o - 4*a + 20, o - 2*a = 3*a - 18. What is t(o)?
3
Let u(n) = 3*n**2 - 5*n + 9. Let i(m) = 11*m**2 - 15*m + 27. Let f(j) = -2*i(j) + 7*u(j). What is f(-7)